7 a composite number?
True
Is 1670303 a composite number?
False
Is 6234859 a prime number?
True
Is 1517699 a prime number?
True
Is 1724539 a prime number?
False
Is 14192447 composite?
True
Is 87030061 a composite number?
False
Is 1188527 composite?
False
Is 1109065 a composite number?
True
Is 10208027 a composite number?
False
Is 44561087 prime?
True
Is 4132113 a prime number?
False
Is 295591 prime?
True
Is 2060743 composite?
True
Is 12962621 a prime number?
False
Is 2983213 composite?
False
Is 254877969 a composite number?
True
Is 1406983 prime?
True
Is 584303 a prime number?
True
Is 6383021 a prime number?
True
Is 9026509 composite?
False
Is 209521427 prime?
True
Is 72708731 a prime number?
True
Is 1285993 a composite number?
False
Is 329771779 a composite number?
True
Is 169013623 composite?
False
Is 16848281 a prime number?
True
Is 68154893 prime?
True
Is 914647 composite?
False
Is 88099 a prime number?
False
Is 95405779 a composite number?
True
Is 5884831 prime?
False
Is 22651091 a prime number?
True
Is 33531577 composite?
False
Is 12862097 composite?
False
Is 60073771 prime?
False
Is 14757329 a prime number?
False
Is 5193413 composite?
True
Is 28860077 prime?
False
Is 6110953 prime?
False
Is 532786633 a prime number?
False
Is 29814179 composite?
True
Is 37469 composite?
True
Is 2049881 prime?
False
Is 10997513 a composite number?
False
Is 23356037 composite?
False
Is 48766789 a prime number?
True
Is 50733071 a prime number?
False
Is 46978705 composite?
True
Is 168042673 a composite number?
False
Is 2229991 a prime number?
True
Is 3083071 prime?
True
Is 45461389 prime?
False
Is 11852591 a prime number?
True
Is 903103 prime?
True
Is 4269061 composite?
True
Is 258594359 a prime number?
False
Is 450714587 a prime number?
True
Is 3009931 a prime number?
True
Is 907630237 composite?
False
Is 99092311 a composite number?
True
Is 4523267 prime?
False
Is 40199921 prime?
True
Is 29441611 prime?
False
Is 282702151 a composite number?
False
Is 1878257 prime?
True
Is 44293 a composite number?
False
Is 892627 a prime number?
True
Is 29677309 a prime number?
False
Is 711041 a prime number?
True
Is 1063936393 a composite number?
True
Is 12585037 a composite number?
False
Is 1397381 a composite number?
True
Is 1877531803 a prime number?
False
Is 906431681 composite?
False
Is 198695467 a composite number?
False
Is 85031867 prime?
True
Is 503077 a composite number?
False
Is 1819819 composite?
False
Is 235783 prime?
True
Is 54082241 prime?
False
Is 48376999 a prime number?
False
Is 14979721 prime?
True
Is 364811 composite?
True
Is 1007008763 a composite number?
True
Is 17913853 a prime number?
False
Is 51223511 prime?
True
Is 8785571 a prime number?
True
Is 18769051 prime?
False
Is 13442621 a prime number?
True
Is 82891 prime?
True
Is 1646683 prime?
False
Is 21538061 composite?
False
Is 162983941 prime?
True
Is 3665231 composite?
True
Is 101658841 a prime number?
True
Is 38909963 composite?
False
Is 35685409 a composite number?
False
Is 1952927 a prime number?
False
Is 48556463 composite?
True
Is 9239089 prime?
True
Is 143661317 prime?
True
Is 3863549 a prime number?
True
Is 146804617 a composite number?
False
Is 27175739 prime?
False
Is 427990831 prime?
False
Is 76243763 a prime number?
True
Is 3910337 composite?
False
Is 2581039 a composite number?
True
Is 7193671 prime?
True
Is 2295109 a composite number?
True
Is 710081 prime?
True
Is 17196037 a composite number?
False
Is 22444291 composite?
True
Is 261571199 a composite number?
False
Is 32303263 a prime number?
True
Is 1863541 a composite number?
False
Is 499259 a composite number?
True
Is 520279 a prime number?
True
Is 10898 composite?
True
Is 22977881 a composite number?
False
Is 9286309 prime?
True
Is 101646977 a composite number?
False
Is 1455403 composite?
False
Is 54593087 composite?
True
Is 27941 prime?
True
Is 10428791 a composite number?
True
Is 10432231 prime?
True
Is 16282399 a composite number?
True
Is 1592753 a prime number?
True
Is 4573421 a composite number?
False
Is 12531927 a prime number?
False
Is 362300663 prime?
True
Is 154730377 a composite number?
True
Is 10093115 a prime number?
False
Is 97062059 prime?
True
Is 2139857 prime?
True
Is 7777663 composite?
False
Is 3697719 a prime number?
False
Is 247001063 a prime number?
True
Is 4125287 a composite number?
False
Is 950407 prime?
False
Is 783737 a composite number?
False
Is 2131651 a prime number?
True
Is 616963 prime?
False
Is 2467721 a composite number?
True
Is 395224283 prime?
False
Is 8231101 prime?
False
Is 188642569 a composite number?
False
Is 30052673 a composite number?
True
Is 1334663 a composite number?
True
Is 1603409 a composite number?
True
Is 1878859 composite?
True
Is 812682419 a prime number?
True
Is 8163457 prime?
True
Is 9140191 a prime number?
False
Is 662071299 a composite number?
True
Is 230129583 prime?
False
Is 403993 composite?
False
Is 1417437589 a composite number?
False
Is 20640793 composite?
False
Is 576354423 a prime number?
False
Is 5828759 a prime number?
True
Is 8321737 prime?
False
Is 488791505 prime?
False
Is 16477889 composite?
False
Is 45814039 prime?
False
Is 90046441 a prime number?
True
Is 71116973 prime?
False
Is 1569944661 prime?
False
Is 19652077 composite?
False
Is 249071 composite?
True
Is 195134699 composite?
True
Is 176996791 composite?
False
Is 5910097 a composite number?
False
Is 14510527 composite?
True
Is 48032417 a composite number?
False
Is 38989103 a prime number?
False
Is 974033 prime?
True
Is 15702421 composite?
True
Is 2380819 a composite number?
True
Is 1297963 a prime number?
True
Is 14562061 a composite number?
False
Is 2239183 composite?
True
Is 5099141 composite?
False
Is 3262081 prime?
True
Is 118091417 a composite number?
False
Is 6969217 a prime number?
True
Is 633291 a composite number?
True
Is 132343943 a prime number?
True
Is 89400083 a prime number?
True
Is 1615327 a prime number?
False
Is 43131229 composite?
True
Is 45757507 a prime number?
True
Is 32608795 composite?
True
Is 264167 a composite number?
False
Is 927203 a prime number?
False
Is 11665509 a composite number?
True
Is 30615295 a prime number?
False
Is 214921 a prime number?
False
Is 109810703 prime?
False
Is 23493389 prime?
True
Is 5120897 a prime number?
False
Is 4224673 a composite number?
False
Is 223317961 prime?
False
Is 13360989 composite?
True
Is 62068507 a prime number?
True
Is 291187183 a prime number?
False
Is 15144979 prime?
True
Is 58441109 prime?
True
Is 20876389 composite?
False
Is 166260083 prime?
False
Is 6277889 composite?
False
Is 16563671 composite?
False
Is 153936637 prime?
True
Is 47010419 prime?
True
Is 9466627 a composite number?
True
Is 7947587 a composite number?
False
Is 23663 a composite number?
False
Is 7137659 composite?
True
Is 111256111 composite?
True
Is 628319 prime?
True
Is 9168694 prime?
False
Is 120203077 a prime number?
False
Is 22432829 composite?
False
Is 87584117 a prime number?
True
Is 361409 composite?
False
Is 164890111 a composite number?
False
Is 2957873 a prime number?
True
Is 1331921 a prime number?
True
Is 222244019 a prime number?
False
Is 108969221 a composite number?
False
Is 259801 a composite number?
False
Is 5021693 a prime number?
True
Is 680623 a prime number?
True
Is 1102951 a composite number?
False
Is 4555379 a prime number?
False
Is 599763803 composite?
False
Is 257281853 a composite number?
False
Is 32327597 prime?
True
Is 1042077 prime?
False
Is 27702569 a prime number?
False
Is 11255719 prime?
False
Is 4721165 composite?
True
Is 121993 composite?
False
Is 401473 prime?
True
Is 105884581 composite?
True
Is 442789 a composite number?
False
Is 2593607 composite?
False
Is 9992321 a prime number?
True
Is 3653395 a prime number?
False
Is 1256531 a composite number?
False
Is 640529 a composite number?
False
Is 7974437 composite?
False
Is 29243 prime?
True
Is 14604187 a prime number?
False
Is 14351 prime?
False
Is 601506377 a composite number?
False
Is 10273597 composite?
False
Is 83261029 a composite number?
True
Is 6516833 prime?
True
Is 3265909 a prime number?
False
Is 11587309 a prime number?
True
Is 1042445 a composite number?
True
Is 4099237 composite?
True
Is 146413689 a prime number?
False
Is 92043331 a prime number?
False
Is 35491979 pr